n base 15, what is 5 + e249?
e24e
In base 9, what is 117 + 55?
173
In base 14, what is 48a - -21c?
6a8
In base 14, what is 7 + 40bbb?
40bc4
In base 2, what is -1010100 - 10111111011?
-11001001111
In base 4, what is 11 - -1300310?
1300321
In base 15, what is 621 - -2be?
8e0
In base 5, what is -1034314 - 2244?
-1042113
In base 2, what is -1 + 1000111100010?
1000111100001
In base 5, what is -204 - 34330?
-40034
In base 15, what is a9379 - -5?
a937e
In base 13, what is 10c - 1541?
-1432
In base 15, what is 1 - -75b9?
75ba
In base 10, what is -14 - 110?
-124
In base 12, what is -4 + -1442?
-1446
In base 8, what is -33 - 222?
-255
In base 16, what is 242e2 + 2?
242e4
In base 4, what is -3123121 + 31?
-3123030
In base 3, what is 11011 + 1100021022?
1100102110
In base 6, what is -13453 + 5?
-13444
In base 12, what is -1561102 - 1?
-1561103
In base 10, what is -1 + -104049?
-104050
In base 2, what is 1101 - 100110111111?
-100110110010
In base 15, what is -bb + 24d?
182
In base 7, what is 1 + -25401?
-25400
In base 16, what is b + -1b4?
-1a9
In base 12, what is -39b0 + 4?
-39a8
In base 4, what is -1121033 - 10?
-1121103
In base 13, what is -7890 + -125?
-79b5
In base 13, what is 29 + -b813?
-b7b7
In base 14, what is -56866 + 3?
-56863
In base 4, what is -1102 + 223033?
221331
In base 15, what is -137 + 503?
3bb
In base 7, what is 1052611 - 6?
1052602
In base 2, what is -11 - 10110100000010?
-10110100000101
In base 7, what is -5 + -14451?
-14456
In base 4, what is 3 + -1212003130?
-1212003121
In base 15, what is -1500a4 - 2?
-1500a6
In base 16, what is 3f9 - af?
34a
In base 11, what is 769 - 6?
763
In base 13, what is -17c9 - -18b?
-163b
In base 10, what is 20255 - -33?
20288
In base 3, what is -101 + 201121011?
201120210
In base 8, what is -32 - 6751?
-7003
In base 3, what is 10011110 - -10111?
10021221
In base 4, what is 3120222331 + 11?
3120223002
In base 9, what is 2 - 86518?
-86516
In base 5, what is 1011441 - 33?
1011403
In base 7, what is 26 + 56114?
56143
In base 15, what is 4e55 - -3?
4e58
In base 8, what is 407 - 774?
-365
In base 2, what is -1 + 110111110000000?
110111101111111
In base 6, what is -1013 + 2?
-1011
In base 15, what is 9 + -25c31?
-25c27
In base 7, what is 4403622 + -5?
4403614
In base 5, what is -3144 + -4?
-3203
In base 15, what is 2a2 - -e?
2b1
In base 5, what is -12141213 + -4?
-12141222
In base 8, what is 26574 + -1026?
25546
In base 15, what is 5 + 15aab4?
15aab9
In base 2, what is 11010000100 + 10100101?
11100101001
In base 11, what is -38 - 4770?
-47a8
In base 9, what is 4 - -35434?
35438
In base 2, what is -1010000111100001 - 1?
-1010000111100010
In base 4, what is 202200 + -32?
202102
In base 3, what is -112210101121220 - -2?
-112210101121211
In base 10, what is 15855 - 4?
15851
In base 8, what is -34 - -3507?
3453
In base 15, what is 460 - 0?
460
In base 9, what is -3 - 5720?
-5723
In base 2, what is -100 - 11010110000110111?
-11010110000111011
In base 4, what is 2 + 10002232?
10002300
In base 11, what is 14521 + 15?
14536
In base 4, what is 12202 + 300?
13102
In base 3, what is 11 - 212220120?
-212220102
In base 5, what is -213430 - 1?
-213431
In base 9, what is 17732 - -87?
17830
In base 9, what is -206864 + -1?
-206865
In base 11, what is 212 + 1598?
17aa
In base 6, what is -3 + 223201?
223154
In base 16, what is 39bf + 3?
39c2
In base 12, what is -27868b + 6?
-278685
In base 12, what is 33635 + 0?
33635
In base 6, what is -5 - 2343?
-2352
In base 4, what is 3 - -2310020?
2310023
In base 15, what is -1 + 818da?
818d9
In base 12, what is 1b756 + 2?
1b758
In base 4, what is -102201 + 11?
-102130
In base 10, what is 297463 - 2?
297461
In base 9, what is 4 - 33851?
-33846
In base 3, what is -1 + 1221000221?
1221000220
In base 6, what is 10404535 - 1?
10404534
In base 15, what is 2 - -893?
895
In base 7, what is 0 + -2035451?
-2035451
In base 11, what is 72375 + 0?
72375
In base 13, what is 897 + -2a?
86a
In base 8, what is -174 - 226?
-422
In base 6, what is -3105301 + -4?
-3105305
In base 6, what is 0 - -22310541?
22310541
In base 9, what is -58671 - -16?
-58654
In base 10, what is -4 + -12248?
-12252
In base 11, what is -6 - 603?
-609
In base 13, what is 12a9 - -95?
1371
In base 8, what is -436403 + 0?
-436403
In base 6, what is -13 - -1115124?
1115111
In base 4, what is 10333 - 1312?
3021
In base 2, what is -1111010011010010000 + -100?
-1111010011010010100
In base 12, what is -41 + -404?
-445
In base 14, what is -1454 + -4?
-1458
In base 5, what is -3013 + -14?
-3032
In base 2, what is 11111 + 1011001101111?
1011010001110
In base 9, what is 7881265 - 5?
7881260
In base 7, what is 0 + -1256205?
-1256205
In base 8, what is 1101606 + 1?
1101607
In base 10, what is 89 - -3308?
3397
In base 15, what is -127 + -87?
-1ae
In base 5, what is 3130022 - 0?
3130022
In base 10, what is 111 + -90?
21
In base 5, what is -10034424442 - -1?
-10034424441
In base 11, what is 63 + -344?
-291
In base 2, what is 100110101 + -111110?
11110111
In base 14, what is -400d1 - -4?
-400cb
In base 5, what is -13 + -1343?
-1411
In base 10, what is -1930 + 5?
-1925
In base 5, what is -12 + 32110?
32043
In base 8, what is 1403 + 115?
1520
In base 16, what is -135 + -845?
-97a
In base 2, what is -10011 + 1101100101011?
1101100011000
In base 13, what is -121 - 1b4?
-305
In base 12, what is 0 + -31788?
-31788
In base 2, what is -10011011 - 110101000?
-1001000011
In base 6, what is 535 - 23350?
-22411
In base 3, what is -110 - -1022001?
1021121
In base 5, what is -21230242 - -3?
-21230234
In base 5, what is 101311 + -12?
101244
In base 2, what is -11 - -1001100111110111?
1001100111110100
In base 11, what is -432 - 17?
-449
In base 4, what is -30311 + -1000?
-31311
In base 11, what is -293484 + 4?
-293480
In base 11, what is -82828 + -2?
-8282a
In base 14, what is 77b15 + 6?
77b1b
In base 13, what is 23 + 53b?
561
In base 7, what is 211553 - -3?
211556
In base 11, what is -190 - 2a7?
-487
In base 3, what is 10 - 10201001002?
-10201000222
In base 14, what is 48 - 225?
-1bb
In base 7, what is -42 - -313432?
313360
In base 5, what is 1220444 + 20?
1221014
In base 10, what is -1263 + -225?
-1488
In base 9, what is 3412 - 156?
3245
In base 8, what is 120 - -40337?
40457
In base 7, what is 1111 + -13?
1065
In base 6, what is -40 - 11211?
-11251
In base 4, what is 201100 + -311?
200123
In base 14, what is -881b - 3?
-8820
In base 3, what is -202010 - 11201?
-220211
In base 2, what is -100001 - -10000001101011011?
10000001100111010
In base 3, what is -122211 - -10112?
-112022
In base 6, what is -3 - -353442?
353435
In base 6, what is 13544 + 0?
13544
In base 15, what is 1 + e4e?
e50
In base 6, what is -245 - 23450?
-24135
In base 16, what is 17 + -eac?
-e95
In base 6, what is -13 + 104432?
104415
In base 11, what is a433 + -42?
a3a1
In base 9, what is 17603 - 2?
17601
In base 10, what is 5661 - -85?
5746
In base 2, what is -10000 - 11111011100000?
-11111011110000
In base 4, what is -3330310 + 2?
-3330302
In base 8, what is -1312 + -70?
-1402
In base 10, what is 4 - 275669?
-275665
In base 13, what is -5c83 + 94?
-5bbc
In base 9, what is -168 - 10734?
-11013
In base 8, what is 0 - -10710?
10710
In base 3, what is 1122111200121 - -1?
1122111200122
In base 10, what is 2 - 454231?
-454229
In base 8, what is 1473516 + 4?
1473522
In base 2, what is -101000101010 - -1111?
-101000011011
In base 3, what is 202 - -20102?
21011
In base 9, what is 27861 + 140?
28111
In base 7, what is 2 + 1533140?
1533142
In base 13, what is ca4 - -42?
1016
In base 10, what is 5 - -78766?
78771
In base 12, what is 755 + 11a?
873
In base 11, what is 4 - -559a5?
559a9
In base 12, what is 28ab - -2a5?
2b94
In base 10, what is 355207 - -3?
355210
In base 2, what is 111000111110 - -1101?
111001001011
In base 15, what is -13 - 786c?
-7880
In base 7, what is -31 - -42202?
42141
In base 11, what is -28154 + -5?
-28159
In base 6, what is 3142 - 23222?
-20040
In base 5, what is 1241033 - -3?
1241041
In base 16, what is -1 - -cdafb?
cdafa
In base 10, what is -4 + 865864?
865860
In base 13, what is 4 - -349a3c?
349a43
In base 13, what is 4 - -a33c8?
a33cc
In base 5, what is -210 - 424321?
-430031
In base 16, what is -1 + 4fed?
4fec
In base 5, what is 0 - 43310?
-43310
In base 3, what is 20012201 + 